2 - 29*y + 15. Let p(r) = -6*b(r) + v(r). What are the prime factors of p(23)?
3, 7
List the prime factors of (-4)/(-18) - (-1609)/9.
179
Let n = -912 + 1715. What are the prime factors of n?
11, 73
Suppose 2*q - 32200 = -26*q. What are the prime factors of q?
2, 5, 23
Suppose -4*x - 5 = -4*m - m, -4*x - 1 = -m. What are the prime factors of m*((2 - -37) + 4)?
43
Suppose 3 = -5*i + 33. Let c(t) = -16*t - 2*t**2 - 6*t**2 + t**2 + 11 + i*t**2. List the prime factors of c(-14).
3, 13
Let i(n) = 461*n**3 - 3*n**2 + 2*n. List the prime factors of i(1).
2, 5, 23
Let v(c) = 1393*c - 118. List the prime factors of v(1).
3, 5, 17
Suppose 43*g = -67331 + 238170. What are the prime factors of g?
29, 137
Let a(s) = 4*s - 11. Let t be a(4). Let q = t - -8. Let g = 24 - q. List the prime factors of g.
11
Let h = 13 + -11. Let p(n) = -12*n**2 + 4. Let w be p(h). Let o = 0 - w. What are the prime factors of o?
2, 11
Suppose 0 = -11*k + 5665 + 1320. What are the prime factors of k?
5, 127
Let q = -566 + 1014. List the prime factors of q.
2, 7
Let b = -242 - -86. Let g = b - -220. What are the prime factors of g?
2
Let y = 43 + 124. Suppose y = 7*r - 8. List the prime factors of r.
5
Let s be (4 + (-33)/9)*114. Suppose 8*r - s = 26. What are the prime factors of r?
2
Suppose -25 = 5*o - 3*b, 30 = -5*o + 3*b + b. What are the prime factors of (-48)/o*(-3)/(-6)?
2, 3
Let p(f) = -f**3 - 3*f**2 + 3*f + 16. Let o(s) = s**2 + s + 1. Let d(g) = -2*o(g) + p(g). List the prime factors of d(-6).
2, 11
Let r = -889 + 1498. What are the prime factors of r?
3, 7, 29
Let f = -47 + 51. List the prime factors of (f - -2)*(2/6 + 1).
2
Let v = -15 + 23. Let g(z) = 4*z + 4. Let w be g(v). Let j = 58 - w. What are the prime factors of j?
2, 11
Suppose 3*f = -4*s + 1738, 4*f = -s - 0*f + 428. What are the prime factors of s?
2, 109
What are the prime factors of (-204)/(-16)*2*(-2 + 42)?
2, 3, 5, 17
Let b = -314 + 834. What are the prime factors of b?
2, 5, 13
Let i = -1 + 4. Suppose 0*v - i = -v. Suppose -3*d + 4*x = 2*x - 62, -5*x + 34 = v*d. What are the prime factors of d?
2, 3
Suppose 147 = 4*d - 1. Suppose -d = -a - 12. List the prime factors of a.
5
Suppose -241 = -3*m + 2*z, 2*m - m = -2*z + 91. Suppose u = m + 76. Suppose -4*i - 31 = -u. What are the prime factors of i?
2
Let r = -301 - -1081. What are the prime factors of r?
2, 3, 5, 13
Suppose 4*q - 4915 = -3*y, -15*q = 5*y - 13*q - 8187. What are the prime factors of y?
1637
Suppose -11*d + 18*d - 56 = 0. Suppose -d*m + 3*m = -285. What are the prime factors of m?
3, 19
List the prime factors of 1*(5 + 900) + -6.
29, 31
Suppose -5*u - p - 3065 = 0, u - 116 + 735 = p. Let x = u + 884. List the prime factors of x.
2, 3, 5
Let i = 5237 + -2303. Suppose 5*u + 4*u = i. What are the prime factors of u?
2, 163
Let i = 41 - 21. Let f = 17 - i. List the prime factors of -93*(2 - (-7)/f).
31
Let m(f) = 3*f**2 - f - 1. Let q be m(-1). Let h be 0 + 0 + (q - 2). Let l = 5 - h. List the prime factors of l.
2
Suppose 5*j - 2*i = 12432, 7*j + 3*i - 9964 = 3*j. What are the prime factors of j/64*4 - 2/(-4)?
2, 3, 13
Let r be 473/(-22) - 3/2. Let l be -5 + 3 - 0 - r. Suppose 0*c + c = l. What are the prime factors of c?
3, 7
Suppose -2*d + 6 = -0, 3*d = 3*x. Suppose 0*l = -x*y + l + 316, l - 100 = -y. What are the prime factors of y?
2, 13
Suppose -5*y + 20 = 0, -6*y + 1798 = 3*k - 11*y. List the prime factors of k.
2, 3, 101
Suppose 105 = 5*r - 65. Suppose -4*k - r - 136 = -5*p, 5*k = -3*p + 139. What are the prime factors of p?
2, 19
Let u(z) = -4*z - 9. Suppose -4*x - 2*o = 68, 3*x + 4*o + 54 = o. Let w = 8 + x. List the prime factors of u(w).
23
Let v = 5552 + -3455. What are the prime factors of v?
3, 233
Suppose -14 = -m + v + 3*v, 0 = -5*m + 4*v + 70. Suppose 7*u - m = 5*u. Suppose u*n = 3*n + 16. What are the prime factors of n?
2
Let z be 172/32 - 3*2/16. Suppose -4*t = -z*u + 951, -3*t - 361 = -4*u + 399. What are the prime factors of u?
11, 17
List the prime factors of 216/10*19/((-38)/(-20)).
2, 3
Let n be 536/(-10) + 4/(-10). Let l be ((-6)/9)/(4/n). Suppose -63 + l = -3*p. List the prime factors of p.
2, 3
Suppose -499*v + 514*v - 12825 = 0. List the prime factors of v.
3, 5, 19
List the prime factors of (774840/450 - (-2)/15) + -3.
3, 191
Let n(z) be the third derivative of z**6/72 - 5*z**3/2 + 10*z**2. Let m(q) be the first derivative of n(q). What are the prime factors of m(-4)?
2, 5
Let d = -12 + -24. Let h be (0 + d/15)*10. Let l = -14 - h. What are the prime factors of l?
2, 5
Let h = -2527 + 4259. What are the prime factors of h?
2, 433
Let b(s) = -5*s**3 - 4*s**2 + s + 4. Let i be b(-3). Suppose -l = -4*u - 80, -5*u - i = 2*l + l. Let j = 32 + u. List the prime factors of j.
2, 3
Let x = 144 - 130. Let r be ((-4)/3)/(1/(-3)). Suppose r*w + x = 5*w. List the prime factors of w.
2, 7
Suppose 3*l + 3*q = 159 + 576, -q = 4*l - 995. List the prime factors of l.
2, 5
Suppose 20 = 4*c, -f + 262*c - 257*c + 388 = 0. List the prime factors of f.
7, 59
Let r = -3338 + 5698. List the prime factors of r.
2, 5, 59
Suppose 0 = -2*w + 218 + 660. Suppose -6*n + 10*n - 739 = -5*r, -2*n = -3*r + w. List the prime factors of r.
3, 7
Let m(i) = -6*i**3 + 5*i**2 + 7*i - 3. Let d(w) = -w**3 + w. Let z(g) = g - 9. Let b be z(10). Let f(p) = b*m(p) - 5*d(p). List the prime factors of f(5).
7
Suppose 5*m - 17 = 4*o, 0*o + 10 = 5*o. Suppose 0 = -10*z + m*z + 285. What are the prime factors of z?
3, 19
Suppose -718 = -4*p + 66. Suppose 2*u - p = 2*w - 0*w, -w + 88 = u. What are the prime factors of u?
3, 31
Let c(t) = 143*t**2 + 9*t - 7. List the prime factors of c(5).
3613
Suppose 0 = -5*d + 15, 3*d - 7038 = 4*l - 19309. List the prime factors of l.
2, 5, 307
What are the prime factors of (-809)/(156/18 - 9)?
3, 809
Suppose 2281 = 4*z + 5*g, 2*z - 5*g + 134 = 1237. List the prime factors of z.
2, 3, 47
Let h = 3 + 3. Let a be ((-63)/h)/((-1)/2). Suppose 3*t = 6*t - a. List the prime factors of t.
7
Let j(u) = u**3 - 7*u**2 - 5*u + 8. Let b be j(8). Let s = 5 - 6. List the prime factors of b + (2/(-2))/s.
3, 11
Suppose -4*c + 0*c + 8 = 0. Suppose -3*d + 3*l = -c*d - 45, -5*d - l + 209 = 0. List the prime factors of d.
2, 3, 7
Suppose -3 = -h, 3*g + 5*h - 18 = h. Suppose g*d - 252 = 192. What are the prime factors of d?
2, 3, 37
Suppose 21*r + 615 = 26*r. List the prime factors of r.
3, 41
Let t = -75 - -77. Let u be -6*(-23)/2 - 1. Let m = t + u. What are the prime factors of m?
2, 5, 7
Suppose -5*a = -0*a + 50. Let h(m) be the first derivative of -m**3/3 - 5*m**2 + 8*m - 37. List the prime factors of h(a).
2
Suppose -4*w = -4*m + 140, 3*w - 4*w = -2*m + 37. Let t = w + 80. What are the prime factors of t?
47
Let o = -6 - -3. Let r be ((-1 + 19)/o)/1. Let i = 10 + r. List the prime factors of i.
2
What are the prime factors of (-5)/((-200)/30)*(6122 + 2)?
3, 1531
Let a = 226 + -104. Let w = a + 9. What are the prime factors of w?
131
Let b = -2660 - -4995. What are the prime factors of b?
5, 467
Let x = -22 - -24. Suppose 5*w = -3*g + 210, 7*g - 316 = x*g + 3*w. What are the prime factors of g?
5, 13
Let r = 12 + -30. Let m = 615 - 660. Let u = r - m. What are the prime factors of u?
3
Let m be (-3*(-8)/(-3))/(2/(-106)). Suppose 34*t - m = 30*t. What are the prime factors of t?
2, 53
Let g(d) = 4*d**2 - 5*d - 32. List the prime factors of g(-6).
2, 71
Suppose 36*d = 31*d + 5*w + 3410, 5*d + w = 3434. What are the prime factors of d?
2, 7
What are the prime factors of 1542 + 5*(-6)/5 + -3?
3, 7, 73
Let b = -131 - -175. What are the prime factors of b?
2, 11
Suppose 0 = 4*u + 9 - 5. Let h be 11 + (-2 - u)*4. Suppose -2*l - 170 = -h*l. List the prime factors of l.
2, 17
Let w(a) = -a**2 - 2*a + 5. Let b be w(0). Suppose -4*q = 5*p - b*q - 245, -28 = -p - 4*q. What are the prime factors of p?
2, 3
Let r(n) = 13*n - 5 + 8*n - 5*n. Let l(f) = f**2 - 5*f + 3. Let j be l(5). List the prime factors of r(j).
43
Suppose 3*i + m - 8732 = 5*m, 3*i - 8739 = -3*m. What are the prime factors of i?
2, 7, 13
Suppose k - 250 = -5*z + 45, -2*z = k - 286. List the prime factors of k.
2, 5, 7
Let r = 194 - 326. Let x = 354 + r. List the prime factors of x.
2, 3, 37
Let h(f) = 1282*f - 12. List the prime factors of h(3).
2, 3, 71
Let k = -23 + 26. Suppose -7*s 